{"id":1102,"date":"2022-10-14T11:27:25","date_gmt":"2022-10-14T09:27:25","guid":{"rendered":"https:\/\/www.acpm.cat\/?post_type=event_listing&#038;p=1102"},"modified":"2022-10-14T11:27:25","modified_gmt":"2022-10-14T09:27:25","slug":"5e-cafe-virtual-amb-la-acpm-certificacio-pm-el-nou-enfocament-del-pmi","status":"publish","type":"event_listing","link":"https:\/\/www.acpm.cat\/ca\/event\/5e-cafe-virtual-amb-la-acpm-certificacio-pm-el-nou-enfocament-del-pmi\/","title":{"rendered":"5\u00e8 Caf\u00e8 virtual amb la ACPM: Certificaci\u00f3 PM: el nou enfocament del PMI\u00ae"},"content":{"rendered":"<p>L\u2019ACPM continua amb el seu format de trobades curtes i us convoca a una sessi\u00f3 per reflexionar sobre aspectes centrals que incideixen en els projectes. Com sempre, aquesta iniciativa de car\u00e0cter divulgatiu pret\u00e9n ser l&#8217;\u00faltima parada del dia i la m\u00e9s desperta. Us hi animem a participar en l\u00ednia.<\/p>\n<p>Dijous 20 d\u2019octubre a les 18.30 h estarem amb el Jordi Teixid\u00f3 i parlarem sobre el nou enfocament del PMI<strong><sup>\u00ae<\/sup><\/strong> (Project Management Institute) per a la certificaci\u00f3 dels nous professionals PMP<strong><sup>\u00ae<\/sup><\/strong>.<\/p>\n","protected":false},"featured_media":1097,"template":"","meta":[],"class_list":["post-1102","event_listing","type-event_listing","status-publish","has-post-thumbnail","hentry"],"_links":{"self":[{"href":"https:\/\/www.acpm.cat\/ca\/wp-json\/wp\/v2\/event_listing\/1102","targetHints":{"allow":["GET"]}}],"collection":[{"href":"https:\/\/www.acpm.cat\/ca\/wp-json\/wp\/v2\/event_listing"}],"about":[{"href":"https:\/\/www.acpm.cat\/ca\/wp-json\/wp\/v2\/types\/event_listing"}],"wp:featuredmedia":[{"embeddable":true,"href":"https:\/\/www.acpm.cat\/ca\/wp-json\/wp\/v2\/media\/1097"}],"wp:attachment":[{"href":"https:\/\/www.acpm.cat\/ca\/wp-json\/wp\/v2\/media?parent=1102"}],"curies":[{"name":"wp","href":"https:\/\/api.w.org\/{rel}","templated":true}]}}

5è Cafè virtual amb la ACPM: Certificació PM: el nou enfocament del PMI®

<p>L’ACPM continua amb el seu format de trobades curtes i us convoca a una sessió per reflexionar sobre aspectes centrals que incideixen en els projectes. Com sempre, aquesta iniciativa de caràcter divulgatiu pretén ser l&#8217;última parada del dia i la més desperta. Us hi animem a participar en línia.</p>
<p>Dijous 20 d’octubre a les 18.30 h estarem amb el Jordi Teixidó i parlarem sobre el nou enfocament del PMI<strong><sup>®</sup></strong> (Project Management Institute) per a la certificació dels nous professionals PMP<strong><sup>®</sup></strong>.</p>
