{"id":1436,"date":"2024-06-03T10:41:44","date_gmt":"2024-06-03T08:41:44","guid":{"rendered":"https:\/\/www.acpm.cat\/?post_type=event_listing&#038;p=1436"},"modified":"2024-06-03T10:41:44","modified_gmt":"2024-06-03T08:41:44","slug":"11e-cafe-virtual-amb-lacpm-el-gir-digital-de-les-professions-i-la-ia","status":"publish","type":"event_listing","link":"https:\/\/www.acpm.cat\/ca\/event\/11e-cafe-virtual-amb-lacpm-el-gir-digital-de-les-professions-i-la-ia\/","title":{"rendered":"11\u00e8 Caf\u00e8 virtual amb l\u2019ACPM: El gir digital de les professions&#8230;i la IA"},"content":{"rendered":"<p>L\u2019ACPM continua amb el seu format de trobades curtes i us convoca a una sessi\u00f3 per reflexionar sobre aspectes centrals que incideixen en els projectes. Aquesta iniciativa de car\u00e0cter divulgatiu pret\u00e9n ser l&#8217;\u00faltima parada del dia, la m\u00e9s desperta. Us animem a participar-hi en l\u00ednia.<\/p>\n<p>El proper dia 13 de juny a les 18.30 hs estarem en directe amb l\u2019arquitecte <strong>Jordi Ludevid<\/strong> i parlarem sobre <strong>el gir digital i la IA, la intel\u00b7lig\u00e8ncia artificial<\/strong>, que no afecten \u00fanicament a l\u2019autoria arquitect\u00f2nica, sin\u00f3 tamb\u00e9 a les diferents especialitats dels arquitectes i a la pr\u00f2pia identitat com a persones humanes. Tanmateix, per\u00f2, \u201cprofessi\u00f3&#8221; \u00e9s alguna cosa m\u00e9s que arquitectura. Alguna cosa sobre la qual ning\u00fa no ens parlar\u00e0&#8230;per\u00f2 s\u00ed el nostre ponent.<\/p>\n","protected":false},"featured_media":1429,"template":"","meta":[],"class_list":["post-1436","event_listing","type-event_listing","status-publish","has-post-thumbnail","hentry"],"_links":{"self":[{"href":"https:\/\/www.acpm.cat\/ca\/wp-json\/wp\/v2\/event_listing\/1436","targetHints":{"allow":["GET"]}}],"collection":[{"href":"https:\/\/www.acpm.cat\/ca\/wp-json\/wp\/v2\/event_listing"}],"about":[{"href":"https:\/\/www.acpm.cat\/ca\/wp-json\/wp\/v2\/types\/event_listing"}],"wp:featuredmedia":[{"embeddable":true,"href":"https:\/\/www.acpm.cat\/ca\/wp-json\/wp\/v2\/media\/1429"}],"wp:attachment":[{"href":"https:\/\/www.acpm.cat\/ca\/wp-json\/wp\/v2\/media?parent=1436"}],"curies":[{"name":"wp","href":"https:\/\/api.w.org\/{rel}","templated":true}]}}

11è Cafè virtual amb l’ACPM: El gir digital de les professions&#8230;i la IA

<p>L’ACPM continua amb el seu format de trobades curtes i us convoca a una sessió per reflexionar sobre aspectes centrals que incideixen en els projectes. Aquesta iniciativa de caràcter divulgatiu pretén ser l&#8217;última parada del dia, la més desperta. Us animem a participar-hi en línia.</p>
<p>El proper dia 13 de juny a les 18.30 hs estarem en directe amb l’arquitecte <strong>Jordi Ludevid</strong> i parlarem sobre <strong>el gir digital i la IA, la intel·ligència artificial</strong>, que no afecten únicament a l’autoria arquitectònica, sinó també a les diferents especialitats dels arquitectes i a la pròpia identitat com a persones humanes. Tanmateix, però, “professió&#8221; és alguna cosa més que arquitectura. Alguna cosa sobre la qual ningú no ens parlarà&#8230;però sí el nostre ponent.</p>
