{"id":1496,"date":"2024-11-18T14:10:43","date_gmt":"2024-11-18T13:10:43","guid":{"rendered":"https:\/\/www.acpm.cat\/?post_type=event_listing&#038;p=1496"},"modified":"2024-11-18T14:10:43","modified_gmt":"2024-11-18T13:10:43","slug":"12e-cafe-virtual-amb-lacpm-habitatge-cooperatiu-en-cessio-dus-promocio-democratica-de-propietat-col%c2%b7lectiva-orientada-a-la-transformacio-social","status":"publish","type":"event_listing","link":"https:\/\/www.acpm.cat\/ca\/event\/12e-cafe-virtual-amb-lacpm-habitatge-cooperatiu-en-cessio-dus-promocio-democratica-de-propietat-col%c2%b7lectiva-orientada-a-la-transformacio-social\/","title":{"rendered":"12\u00e8 Caf\u00e8 virtual amb l\u2019ACPM: Habitatge cooperatiu en cessi\u00f3 d&#8217;\u00fas, promoci\u00f3 democr\u00e0tica de propietat col\u00b7lectiva orientada a la transformaci\u00f3 social"},"content":{"rendered":"<p>El proper dia <strong>21 de novembre a les 18.30 hs<\/strong> estarem en directe amb Jos\u00e9 T\u00e9llez i parlarem sobre el model d\u2019habitatge cooperatiu en cessi\u00f3 d\u2019\u00fas, que combina la for\u00e7a de la <strong>gesti\u00f3 comunit\u00e0ria amb la innovaci\u00f3 en el desenvolupament de projectes<\/strong>. Descobreix com un enfocament col\u00b7lectiu i sostenible transforma la manera de gestionar i viure l\u2019habitatge, sent una alternativa creixent al model basat exclusivament en el benefici econ\u00f2mic.<\/p>\n<p><strong>Jos\u00e9 T\u00e9llez<\/strong> \u00e9s responsable de comunicaci\u00f3 i soci de treball des de fa 4 anys a Sostre C\u00edvic, la principal cooperativa d\u2019habitatge cooperatiu en cessi\u00f3 d\u2019\u00fas a Catalunya. Amb m\u00e9s de 10 anys d\u2019experi\u00e8ncia en comunicaci\u00f3 i cooperativisme, treballa per difondre el model lligat a uns valors socials que garanteixen el dret a l\u2019habitatge amb criteris d\u2019equitat, sostenibilitat i autogesti\u00f3.<\/p>\n<p>T\u2019esperem! Inscripci\u00f3 lliure i gratu\u00efta en aquest enlla\u00e7:<\/p>\n<p><a href=\"https:\/\/www.eventbrite.es\/e\/12e-cafe-virtual-amb-lacpm-habitatge-cooperatiu-en-cessio-dus-tickets-1084082161929?aff=oddtdtcreator\"><strong>https:\/\/www.eventbrite.es\/e\/12e-cafe-virtual-amb-lacpm-habitatge-cooperatiu-en-cessio-dus-tickets-1084082161929?aff=oddtdtcreator<\/strong><\/a><\/p>\n<p>El dia abans de l&#8217;esdeveniment t&#8217;enviarem les dades per accedir a la sessi\u00f3 via Zoom.<\/p>\n","protected":false},"featured_media":1493,"template":"","meta":[],"class_list":["post-1496","event_listing","type-event_listing","status-publish","has-post-thumbnail","hentry"],"_links":{"self":[{"href":"https:\/\/www.acpm.cat\/ca\/wp-json\/wp\/v2\/event_listing\/1496","targetHints":{"allow":["GET"]}}],"collection":[{"href":"https:\/\/www.acpm.cat\/ca\/wp-json\/wp\/v2\/event_listing"}],"about":[{"href":"https:\/\/www.acpm.cat\/ca\/wp-json\/wp\/v2\/types\/event_listing"}],"wp:featuredmedia":[{"embeddable":true,"href":"https:\/\/www.acpm.cat\/ca\/wp-json\/wp\/v2\/media\/1493"}],"wp:attachment":[{"href":"https:\/\/www.acpm.cat\/ca\/wp-json\/wp\/v2\/media?parent=1496"}],"curies":[{"name":"wp","href":"https:\/\/api.w.org\/{rel}","templated":true}]}}

12è Cafè virtual amb l’ACPM: Habitatge cooperatiu en cessió d&#8217;ús, promoció democràtica de propietat col·lectiva orientada a la transformació social

<p>El proper dia <strong>21 de novembre a les 18.30 hs</strong> estarem en directe amb José Téllez i parlarem sobre el model d’habitatge cooperatiu en cessió d’ús, que combina la força de la <strong>gestió comunitària amb la innovació en el desenvolupament de projectes</strong>. Descobreix com un enfocament col·lectiu i sostenible transforma la manera de gestionar i viure l’habitatge, sent una alternativa creixent al model basat exclusivament en el benefici econòmic.</p>
<p><strong>José Téllez</strong> és responsable de comunicació i soci de treball des de fa 4 anys a Sostre Cívic, la principal cooperativa d’habitatge cooperatiu en cessió d’ús a Catalunya. Amb més de 10 anys d’experiència en comunicació i cooperativisme, treballa per difondre el model lligat a uns valors socials que garanteixen el dret a l’habitatge amb criteris d’equitat, sostenibilitat i autogestió.</p>
<p>T’esperem! Inscripció lliure i gratuïta en aquest enllaç:</p>
<p><a href="https://www.eventbrite.es/e/12e-cafe-virtual-amb-lacpm-habitatge-cooperatiu-en-cessio-dus-tickets-1084082161929?aff=oddtdtcreator"><strong>https://www.eventbrite.es/e/12e-cafe-virtual-amb-lacpm-habitatge-cooperatiu-en-cessio-dus-tickets-1084082161929?aff=oddtdtcreator</strong></a></p>
<p>El dia abans de l&#8217;esdeveniment t&#8217;enviarem les dades per accedir a la sessió via Zoom.</p>
