{"id":421,"date":"2018-07-18T14:46:05","date_gmt":"2018-07-18T12:46:05","guid":{"rendered":"http:\/\/www.acpm.cat\/event\/el-numero-268-269-de-quaderns-dedicado-al-congres-darquitectura-2016-cuando-se-cumple-el-primer-aniversario\/"},"modified":"2019-03-25T15:10:04","modified_gmt":"2019-03-25T14:10:04","slug":"el-numero-268-269-de-quaderns-dedicat-al-congres-darquitectura-2016-quan-es-compleix-el-primer-aniversari","status":"publish","type":"event_listing","link":"https:\/\/www.acpm.cat\/ca\/event\/el-numero-268-269-de-quaderns-dedicat-al-congres-darquitectura-2016-quan-es-compleix-el-primer-aniversari\/","title":{"rendered":"El n\u00famero 268-269 de Quaderns dedicat al Congr\u00e9s d&#8217;Arquitectura 2016, quan es compleix el primer aniversari."},"content":{"rendered":"<p>El n\u00famero de Quaderns 268-269 est\u00e0 dedicat al Congr\u00e9s d&#8217;Arquitectura realitzat a Barcelona en 2016, i resumeix els treballs realitzats per tots els participants (i per tots els membres del Grup COAC-*PM!)<\/p>\n<p>&nbsp;<\/p>\n","protected":false},"featured_media":0,"template":"","meta":[],"class_list":["post-421","event_listing","type-event_listing","status-publish","hentry"],"_links":{"self":[{"href":"https:\/\/www.acpm.cat\/ca\/wp-json\/wp\/v2\/event_listing\/421","targetHints":{"allow":["GET"]}}],"collection":[{"href":"https:\/\/www.acpm.cat\/ca\/wp-json\/wp\/v2\/event_listing"}],"about":[{"href":"https:\/\/www.acpm.cat\/ca\/wp-json\/wp\/v2\/types\/event_listing"}],"wp:attachment":[{"href":"https:\/\/www.acpm.cat\/ca\/wp-json\/wp\/v2\/media?parent=421"}],"curies":[{"name":"wp","href":"https:\/\/api.w.org\/{rel}","templated":true}]}}

El número 268-269 de Quaderns dedicat al Congrés d&#8217;Arquitectura 2016, quan es compleix el primer aniversari.

<p>El número de Quaderns 268-269 està dedicat al Congrés d&#8217;Arquitectura realitzat a Barcelona en 2016, i resumeix els treballs realitzats per tots els participants (i per tots els membres del Grup COAC-*PM!)</p>
<p>&nbsp;</p>
