{"id":532,"date":"2019-05-19T17:23:51","date_gmt":"2019-05-19T15:23:51","guid":{"rendered":"https:\/\/www.acpm.cat\/?post_type=event_listing&#038;p=532"},"modified":"2019-05-19T17:43:42","modified_gmt":"2019-05-19T15:43:42","slug":"local-tic-2019","status":"publish","type":"event_listing","link":"https:\/\/www.acpm.cat\/ca\/event\/local-tic-2019\/","title":{"rendered":"Local TIC 2019"},"content":{"rendered":"<p>Notre-Dame, el futur. Una reflexi\u00f3 sobre les conseq\u00fc\u00e8ncies de l&#8217;incendi del 15 d&#8217;abril, realitzada per Isidre Roca en el marc del Local TIC Cunit, congr\u00e9s sobre les noves tecnologies a les administracions p\u00fabliques.<\/p>\n","protected":false},"featured_media":0,"template":"","meta":[],"class_list":["post-532","event_listing","type-event_listing","status-publish","hentry"],"_links":{"self":[{"href":"https:\/\/www.acpm.cat\/ca\/wp-json\/wp\/v2\/event_listing\/532","targetHints":{"allow":["GET"]}}],"collection":[{"href":"https:\/\/www.acpm.cat\/ca\/wp-json\/wp\/v2\/event_listing"}],"about":[{"href":"https:\/\/www.acpm.cat\/ca\/wp-json\/wp\/v2\/types\/event_listing"}],"wp:attachment":[{"href":"https:\/\/www.acpm.cat\/ca\/wp-json\/wp\/v2\/media?parent=532"}],"curies":[{"name":"wp","href":"https:\/\/api.w.org\/{rel}","templated":true}]}}

<p>Notre-Dame, el futur. Una reflexió sobre les conseqüències de l&#8217;incendi del 15 d&#8217;abril, realitzada per Isidre Roca en el marc del Local TIC Cunit, congrés sobre les noves tecnologies a les administracions públiques.</p>
