{"id":534,"date":"2019-05-19T17:41:34","date_gmt":"2019-05-19T15:41:34","guid":{"rendered":"https:\/\/www.acpm.cat\/?post_type=event_listing&#038;p=534"},"modified":"2019-05-19T17:41:34","modified_gmt":"2019-05-19T15:41:34","slug":"project-manager-perque","status":"publish","type":"event_listing","link":"https:\/\/www.acpm.cat\/ca\/event\/project-manager-perque\/","title":{"rendered":"Project M\u00e0nager, perqu\u00e9?"},"content":{"rendered":"<p>Sessi\u00f3 en el marc del BB Construmat 2019 i els grups de Treball del COAC. Jordi Seguro i Marit\u00e9 Alonso expliquen les claus del futur de la gesti\u00f3 de projectes i l&#8217;Associaci\u00f3 Catalana de PM<\/p>\n","protected":false},"featured_media":0,"template":"","meta":[],"class_list":["post-534","event_listing","type-event_listing","status-publish","hentry"],"_links":{"self":[{"href":"https:\/\/www.acpm.cat\/ca\/wp-json\/wp\/v2\/event_listing\/534","targetHints":{"allow":["GET"]}}],"collection":[{"href":"https:\/\/www.acpm.cat\/ca\/wp-json\/wp\/v2\/event_listing"}],"about":[{"href":"https:\/\/www.acpm.cat\/ca\/wp-json\/wp\/v2\/types\/event_listing"}],"wp:attachment":[{"href":"https:\/\/www.acpm.cat\/ca\/wp-json\/wp\/v2\/media?parent=534"}],"curies":[{"name":"wp","href":"https:\/\/api.w.org\/{rel}","templated":true}]}}

Project Mànager, perqué?

<p>Sessió en el marc del BB Construmat 2019 i els grups de Treball del COAC. Jordi Seguro i Marité Alonso expliquen les claus del futur de la gestió de projectes i l&#8217;Associació Catalana de PM</p>
